nits digit of r?
1
Let j be 124774/(-234) - 4/(-18). Let m = -160 - j. What is the units digit of m?
3
Suppose -v + 5 = 0, 64 = -5*k - 3*v - 26. Let b(x) = -x**2 - 36*x + 13. What is the hundreds digit of b(k)?
3
Suppose 0 = 50*i - 48*i + 5*u - 8489, -4*u = i - 4252. Let r = i - 3016. What is the tens digit of r?
1
Let v(b) = -296*b - 3756. What is the thousands digit of v(-39)?
7
Let u(k) be the second derivative of 61*k**3/2 - 98*k**2 - 27*k. What is the units digit of u(4)?
6
Suppose -3*u + 4*m + 59106 = 0, 0 = m - 6*m + 3*m. What is the hundreds digit of u?
7
Let j = -17421 + 24593. Suppose 2*v - 6*v = -j. What is the tens digit of v?
9
Let s be 4/(-9 - -1) - (-22)/4. Suppose -2*m - s*q - 145 = -4*m, 2*m + 4*q = 118. What is the tens digit of m?
6
Let k(v) = 6*v + 16. Let m be k(-7). Let t = m - -6. Let x = 124 + t. What is the hundreds digit of x?
1
Suppose g + r - 17072 = 0, -7*g + 4*r + 85324 = -2*g. What is the ten thousands digit of g?
1
Suppose 36090 = 327*r - 318*r. Suppose -2 + 5 = 3*d, -3*m + r = -d. What is the thousands digit of m?
1
What is the units digit of -4 + 65/52 - (-656721)/12?
4
Let x(g) = g**3 + 10*g**2 - 5*g - 17. Let z be 4*10/(35/(-7)). What is the units digit of x(z)?
1
Suppose -11*q - 5 = 358. Let h = q + 395. What is the units digit of h?
2
Suppose -3*z = 3*x + 339, -2*x + 3*z = 7*z + 228. Let f = 538 + x. Suppose 0 = -5*w - 3*u + f, -4*w + 418 = w - u. What is the tens digit of w?
8
What is the thousands digit of 5696630/115 - ((-70)/(-161))/(-5)?
9
Let q(l) = 9*l**3 - 2*l**2 + 1. Let o be q(1). Let k = 716 - 476. Suppose -o*n = -32 - k. What is the units digit of n?
4
Suppose 0 = 5*t + 25, -4*t - 16457 = -2*w - 5*t. What is the units digit of w?
1
Let t = -1147 - -1473. What is the hundreds digit of t?
3
Let n(a) = -a**2 + 19*a - 33. Let g be n(27). Let p = 351 - g. What is the hundreds digit of p?
6
Suppose 3*s + 4*y = 72445, 2*y + 42642 = 2*s - 5678. What is the ten thousands digit of s?
2
Suppose 157*p - 73216 = 146*p. What is the hundreds digit of p?
6
Let z(s) = 6*s - 43. Suppose 16 = 3*u - 5. Let q be z(u). What is the hundreds digit of 2/(-4)*(-318 + (3 - q))?
1
Let y = -4215 + 6031. What is the thousands digit of y?
1
Suppose -10 + 4 = -3*r. Suppose r*x = -139 + 145. What is the tens digit of (95/2)/(x/(-36)*-6)?
9
Let d = 16 - 6. Let k(w) be the second derivative of 2*w**3/3 + 9*w**2/2 + 6*w. What is the tens digit of k(d)?
4
Let g be 3 + (-2 - (16/(-4))/(-4)). Let q be -22*(g + 5/(-5)). Suppose q*c = 17*c + 650. What is the tens digit of c?
3
Let l(h) be the third derivative of 0*h + 0 - 11*h**2 + 1/120*h**6 + 1/2*h**3 - 4/15*h**5 - 2/3*h**4. What is the tens digit of l(17)?
2
Suppose -126178 = -3*f - 4*r, 32*r - 28*r = -5*f + 210294. What is the thousands digit of f?
2
Let f = 4279 + 6760. What is the tens digit of f?
3
Suppose 2 = 4*z + 2*m - 6, z - 2 = 4*m. Suppose -5*s = -10 - 790. Suppose 0 = -z*n + s + 128. What is the units digit of n?
4
Let c = 3611 - 2907. What is the hundreds digit of c?
7
Suppose -16*f = 88 + 232. Let z be (-1)/(12/(-8) - f/12). What is the units digit of (-2 - 15/z) + (-2303)/(-14)?
5
Suppose 0 = 4*k - 2*z - 454, -3*k + 2*z + 218 = -120. Let h = -46 + k. Let x = h + -56. What is the tens digit of x?
1
Let q(n) = -24*n + 15. Let r(u) = -u**2 - 7*u + 55. Let j be r(-11). Let i be q(j). Let w = -25 - i. What is the hundreds digit of w?
2
Suppose 4*c - 1268 = -5*x, 0 = -2*x + x - 4*c + 244. Suppose n + 3*n - x = -p, 5*n = -2*p + 317. What is the tens digit of n?
6
Let c be (-9)/12*16/(-6). Suppose 9*s + c = 10*s. Suppose -2*o = -s*k + 144, 213 = 3*k + 2*o - 6*o. What is the tens digit of k?
7
Let i be ((264 - 5) + -4)*-1. What is the units digit of ((-90)/(-27))/((-2)/i)?
5
Let l(u) = 1112*u**2 + 74*u - 450. What is the ten thousands digit of l(6)?
4
Let y be 0 + 3 + -3 - 383. Let l = -63 - y. What is the tens digit of l?
2
Let t(x) = 162*x - 2036. What is the hundreds digit of t(51)?
2
Let l = 51 + -51. Suppose -3*b + 85 - 25 = l. What is the tens digit of -3 + (3 - (-4 - -2)*b)?
4
Suppose 4*r = 4*d - 64, 69 = 6*d - 2*d - 3*r. Let x = d + -16. Suppose 0*s + s + x = 0, -5*b = -s - 675. What is the units digit of b?
4
Let w = -53 + 97. Suppose -w = 3*o + 16. What is the tens digit of (65/o)/(-1 - 9/(-12))?
1
Suppose -68 = -u - 2*z, -2*u + 2*z = 31 - 155. Let m = 126 - u. Suppose -3*k + 157 = -m. What is the tens digit of k?
7
Let q be (-7 + 248/32)/(2/(-16)). What is the tens digit of (1 - 863)/(-7 - (q + 1))?
3
Let w(r) be the third derivative of -r**5/60 + 23*r**4/24 + 17*r**3/2 - 36*r**2. Let z be w(25). What is the hundreds digit of -1*z + -4 + 139 + -5?
1
Suppose 10*v - 155 = 285. Suppose 3*h = b - 237 + v, 4*b - 3*h = 772. What is the units digit of b?
3
Suppose 6*z - 841427 - 141163 = -8*z. What is the ten thousands digit of z?
7
Let q be (-9 - (-9 + -4))*25/(-4). What is the hundreds digit of ((-3)/9)/((q/(-4695))/(-5))?
3
Suppose -20 = 24*n - 19*n, -n - 352 = -4*i. What is the units digit of i?
7
Let s = 22 - 7. Suppose -s*y = -19*y. Suppose y = 2*l - 2, -3*v + l + 232 = -4*l. What is the units digit of v?
9
Let o = -193 - -204. Suppose o*h = 163 + 2. What is the tens digit of h?
1
Let x(k) be the third derivative of 5*k**4/24 - 7*k**3/6 - 5*k**2 + 9. What is the units digit of x(2)?
3
Let v = -192 + 197. Suppose 5*g = v*z - 70, 0*g - 1 = z + 4*g. What is the units digit of z?
1
Let x be 260/(-25) - (-8)/20. What is the tens digit of (-1086)/x + 3*4/30?
0
Let f = 36261 - 21658. What is the tens digit of f?
0
Let d be (13232/(-6))/8 + 8/12. Let o = d + 821. What is the units digit of o?
6
Let i(m) = -2*m - 21 - 18 + 23. Let v be i(-9). Suppose 26 - 8 = 4*f - v*b, -6 = 2*f - 4*b. What is the units digit of f?
7
Let s be (-1)/(-2) - (-26)/4. Suppose 0 = -i, -t + 2*i + 4 = t. Suppose -t*r + s*r = -3*f + 95, 38 = 2*r - 4*f. What is the tens digit of r?
1
Let i = 1800 - 1183. Let j = i + -236. What is the tens digit of j?
8
Let f = -3023 + 4146. What is the units digit of f?
3
What is the thousands digit of 2268/98*112*(-28)/(-6)?
2
Let u(x) = 3*x - 30. Let n be u(10). Let m be n/1 + (-336)/(-2) + -2. Let v = m - 89. What is the units digit of v?
7
Suppose 5*t = 14939 + 152356. What is the thousands digit of t?
3
Let y(v) = -607*v - 681. What is the hundreds digit of y(-8)?
1
Let l(i) = -i**2 - 7*i - 8. Let b be l(-3). Let j be (-3*b/14)/((-2)/28). Suppose 11*d + 46 = j*d. What is the units digit of d?
6
Let d(u) = u**3 + 7*u**2 - 6*u + 10. Let z be d(-8). Let x(b) = 3*b**2 - 7*b + 4. Let o be x(z). Let m = o + -103. What is the units digit of m?
1
Suppose -16 = -5*g - c, 2*g + 0*c = -2*c + 8. What is the tens digit of (72/48)/(g/1318)?
5
Let f be (-7 - 0 - -11) + (-1 - -9). What is the tens digit of ((-606)/f - 0)*-8?
0
Let y = 133452 + -68871. What is the units digit of y?
1
Let n(w) = 321*w**2 + 3*w + 2. Let a be -6 - -10 - (0 + 5). What is the units digit of n(a)?
0
Let o be 0/(1*(0 + 3)). Suppose -i - 2*i + 5 = -4*q, o = 5*i + q - 16. What is the units digit of (61 - i) + 4 + -4?
8
Let m(l) = -2*l**2 - 12*l + 12. Let v be m(-7). Let g = v + -2. What is the units digit of -1 + 71/3 + g/6?
2
Let l(b) = 5113*b + 253. What is the hundreds digit of l(3)?
5
Let l(u) = -u + 10. Let a be l(8). Suppose a*q - 5 - 15 = 0. Suppose 2*n + 1056 = q*n. What is the units digit of n?
2
Let n = 278 + -242. What is the tens digit of n?
3
Let u = 112885 + -67411. Suppose -20*g - 15374 = -u. What is the tens digit of g?
0
Let i = -70 + 57. Let j be 12/78 - (-197)/i. What is the units digit of 54 - (1 + j/3)?
8
Let n = 832 + -826. Suppose -142 = -5*b - 2*c, 3*b + n*c = 2*c + 88. What is the units digit of b?
8
Suppose -37 - 648 = -5*g. Let c = -35 - 7. Let t = g + c. What is the units digit of t?
5
Let s(i) = 2260*i - 10872. What is the ten thousands digit of s(31)?
5
Let a(r) = -12*r**3 + 9*r**2 + 2*r + 13. Let j(s) = -37*s**3 + 26*s**2 + 7*s + 40. Let m(c) = -11*a(c) + 4*j(c). What is the hundreds digit of m(-4)?
0
Let z be (-1047 - -1)/(-2 + -4 + 4). Let b = 957 - z. Suppose -6*m + b = -484. What is the units digit of m?
3
Suppose -5*i - 145 = -4*i. Let d(t) = 290*t**2 + 9*t - 1. Let y be d(1). Let u = i + y. What is the tens digit of u?
5
Suppose 4938 = 12*j - 37104 - 29598. What is